or of 73283 and 199633?
2527
What is the greatest common factor of 3734 and 1316283542?
3734
What is the highest common factor of 75100 and 174040?
20
Calculate the greatest common factor of 155692164 and 774.
258
Calculate the greatest common factor of 550 and 4370710.
10
Calculate the greatest common divisor of 12 and 242691996.
12
Calculate the greatest common divisor of 20 and 2938915.
5
Calculate the greatest common factor of 45707869 and 134.
67
Calculate the highest common divisor of 16821487 and 23.
23
What is the highest common factor of 324689 and 4?
1
Calculate the highest common divisor of 35082 and 22194.
18
Calculate the highest common divisor of 102 and 324906.
6
What is the greatest common divisor of 313175 and 37925?
25
What is the greatest common divisor of 16837 and 205999?
113
What is the highest common divisor of 11625 and 1123905?
465
What is the highest common factor of 267 and 92172?
3
What is the greatest common divisor of 2888 and 41360?
8
Calculate the greatest common divisor of 31780 and 1320459.
1589
What is the greatest common divisor of 58 and 2645791046?
58
What is the highest common divisor of 158499 and 5013?
9
Calculate the highest common divisor of 10975220 and 46.
2
What is the greatest common divisor of 14968 and 110546164?
7484
What is the highest common divisor of 28848 and 4656?
48
Calculate the highest common divisor of 444 and 30156.
12
Calculate the highest common divisor of 6136 and 254424.
8
Calculate the greatest common factor of 324271277 and 68.
17
Calculate the highest common factor of 960 and 19336.
8
What is the highest common divisor of 372364 and 9529?
733
What is the greatest common divisor of 5700080 and 8600?
1720
Calculate the greatest common factor of 318079300 and 28.
28
Calculate the highest common divisor of 50 and 1265354800.
50
Calculate the greatest common divisor of 342992 and 22321.
221
Calculate the greatest common divisor of 80170727 and 56.
7
What is the greatest common factor of 1009 and 402835178?
1009
What is the highest common divisor of 305113081 and 1555?
311
Calculate the greatest common divisor of 1066744 and 1106.
14
What is the highest common divisor of 3751046 and 26?
26
What is the greatest common divisor of 68506 and 210?
2
Calculate the greatest common divisor of 55 and 21931625.
5
What is the greatest common factor of 244195 and 1855?
35
Calculate the greatest common factor of 1433702 and 25346.
1102
Calculate the greatest common factor of 6031345 and 935.
85
Calculate the greatest common divisor of 172 and 12825868.
172
Calculate the greatest common factor of 12725159 and 2945.
31
Calculate the greatest common factor of 35928 and 6504.
24
What is the greatest common factor of 3299 and 44681656?
3299
Calculate the greatest common factor of 222950 and 16120.
130
Calculate the greatest common divisor of 1194086 and 36058.
298
What is the highest common divisor of 619840 and 5312?
64
What is the greatest common divisor of 52554788 and 6610?
1322
Calculate the greatest common factor of 3571182 and 2706.
246
What is the greatest common factor of 2108 and 1700714?
34
What is the greatest common factor of 295807 and 69647?
257
What is the highest common divisor of 6575 and 5683430?
1315
Calculate the greatest common factor of 2773 and 2705799.
59
What is the highest common factor of 1831345004 and 4?
4
Calculate the greatest common factor of 24180 and 12183.
93
What is the highest common divisor of 10318396 and 49852?
484
What is the greatest common factor of 13813 and 94240?
19
Calculate the greatest common factor of 17223159 and 23.
23
What is the greatest common factor of 218202 and 2706?
246
What is the greatest common divisor of 12817527 and 12621?
1803
What is the highest common divisor of 51174 and 540?
18
What is the greatest common factor of 42 and 2436398?
2
What is the highest common divisor of 178 and 983302438?
178
What is the highest common factor of 1440 and 220563360?
1440
Calculate the greatest common factor of 21548870 and 316820.
5110
Calculate the highest common divisor of 61710 and 16810.
10
What is the greatest common divisor of 6 and 103142?
2
What is the greatest common factor of 305778 and 132662?
226
Calculate the highest common divisor of 10 and 789885.
5
What is the greatest common factor of 1125 and 4978375?
125
Calculate the highest common divisor of 735 and 125884479.
147
What is the highest common divisor of 701 and 104947411?
701
Calculate the greatest common factor of 36942049 and 31.
31
What is the highest common factor of 1292759 and 439322?
3601
What is the greatest common factor of 32535 and 1032203?
241
What is the highest common factor of 209 and 20957?
19
What is the greatest common factor of 361 and 2621712682?
361
What is the highest common divisor of 560263 and 103774?
583
What is the highest common factor of 155 and 1193252?
31
What is the greatest common divisor of 114718989 and 1155?
231
Calculate the greatest common factor of 45645 and 23460.
255
Calculate the highest common factor of 510866 and 3938.
358
Calculate the greatest common divisor of 888 and 22441721.
37
What is the greatest common divisor of 762776 and 329?
7
Calculate the highest common factor of 1796 and 80912.
4
Calculate the greatest common factor of 3206016 and 47553.
363
Calculate the greatest common factor of 50497050 and 138675.
3225
Calculate the greatest common factor of 220179258 and 72.
18
What is the highest common divisor of 36 and 248024340?
36
What is the greatest common factor of 283275 and 2430?
45
Calculate the highest common factor of 4982 and 880118.
106
Calculate the greatest common factor of 11596338 and 1170.
234
What is the highest common factor of 233988216 and 318?
318
Calculate the highest common factor of 400 and 95026640.
80
What is the greatest common factor of 2832 and 4661236?
236
Calculate the greatest common divisor of 26264 and 7840.
392
Calculate the highest common divisor of 24 and 88025352.
24
What is the greatest common divisor of 64592 and 9908?
4
What is the highest common factor of 1232 and 1054130?
154
Calculate the greatest common factor of 14 and 612825318.
14
Calculate the greatest common factor of 21096 and 1514066952.
7032
What is the highest common divisor of 567 and 55175001?
21
What is the greatest common factor of 11271450 and 90?
30
Calculate the greatest common factor of 81870956 and 5072.
1268
What is the highest common divisor of 27634 and 2954816?
674
Calculate the highest common factor of 749603 and 1556.
389
Calculate the highest common factor of 4877253 and 243.
243
What is the highest common divisor of 70042 and 43731223?
5003
What is the highest common divisor of 1386 and 2516162?
22
Calculate the highest common factor of 231 and 933177.
21
Calculate the highest common divisor of 351 and 48107514.
39
What is the highest common factor of 1034 and 508838?
22
What is the highest common factor of 162404452 and 364?
28
What is the highest common factor of 567 and 154007973?
567
Calculate the highest common divisor of 283044 and 39964.
412
Calculate the highest common divisor of 510 and 38847870.
30
What is the greatest common divisor of 881430856 and 376?
376
Calculate the greatest common divisor of 3961878 and 10758.
978
What is the highest common divisor of 2219135 and 67415?
695
Calculate the greatest common divisor of 595254 and 7301910.
1914
Calculate the greatest common factor of 557340 and 200172.
84
What is the greatest common divisor of 141059905 and 4570?
2285
Calculate the highest common factor of 60723 and 22836.
519
What is the highest common factor of 99 and 140382?
99
What is the highest common divisor of 475692734 and 3102?
1034
What is the highest common factor of 89854839 and 1273?
67
What is the greatest common divisor of 17056295 and 5?
5
Calculate the greatest common divisor of 71582 and 454208242.
10226
Calculate the greatest common divisor of 248200 and 19546600.
3400
What is the greatest common divisor of 148164804 and 254?
254
What is the greatest common factor of 12304 and 2932966?
1538
What is the greatest common divisor of 1370837356 and 28?
28
Calculate the highest common divisor of 158834493 and 1455.
291
What is the highest common factor of 2885 and 417701840?
2885